7. Let c = l - 1. Let y = 1 - c. List the prime factors of y.
7
Let w = -7 + 6. Let k be (2*w)/(4/(-24)). Let p = 17 - k. List the prime factors of p.
5
Let c(m) = -23 - 11*m**2 - 16*m + 10*m - 4*m - 19*m. Let g(h) = 7*h**2 + 19*h + 15. Let d(q) = -5*c(q) - 8*g(q). List the prime factors of d(-5).
5
Let r = -15 - -17. List the prime factors of r.
2
Suppose 0 = 9*p - 261 - 108. What are the prime factors of p?
41
Let t(o) = 3*o**2 - 31*o - 7. Let w(k) = 2*k**2 - 21*k - 5. Let q(y) = -5*t(y) + 7*w(y). What are the prime factors of q(5)?
3, 5
Let i(l) = l**3 + 6*l**2 - 9*l + 13. What are the prime factors of i(-6)?
67
Let v be 11*3 + (-12)/4. Let b be (-36)/(-10) + 12/v. Suppose -b*k + 30 = k. What are the prime factors of k?
2, 3
Let j(h) = 1 + 0*h**3 - h**3 + 2*h - h**3. List the prime factors of j(-2).
13
Let j(z) = 4*z**3 - 2*z**2 - z - 3. Let f be j(3). Suppose f = -g + 3*g. List the prime factors of g.
2, 3, 7
Let q = 1 - -1. Suppose -q = s - 5. Suppose 0 = -s*t + 23 + 4. List the prime factors of t.
3
Let w(v) = v + 1. Let q be w(-2). List the prime factors of q/3 - (-122)/6.
2, 5
Suppose 4*r + 353 = 5*k, 2*k - 298 = -2*k - 2*r. Suppose -7*h = -k - 116. List the prime factors of h.
3
Suppose -3*p + 6 - 3 = -4*s, -4*p - 2*s - 18 = 0. Let m(j) = j**3 + 5*j**2 + 2*j + 1. What are the prime factors of m(p)?
13
Let g(l) = l**2 - 5*l + 6. Let j = -15 + 21. List the prime factors of g(j).
2, 3
Suppose n - 86 + 24 = 0. List the prime factors of n.
2, 31
Let t(x) = 172*x**2 - x. What are the prime factors of t(-1)?
173
Let s = -6 - -3. List the prime factors of 4 - (s + 4) - -10.
13
List the prime factors of (44/(-3))/(8/(-12)).
2, 11
Suppose -3*f = 15, -229 = 3*g + 5*f - 78. Let j be (-72)/g - (-4)/14. What are the prime factors of (j/4)/((-1)/(-22))?
11
Suppose h = 2*h - 3. Let m be (3 - 3/h) + 12. Suppose -3*y - 26 = -7*y + 2*c, 2*c + m = 2*y. List the prime factors of y.
2, 3
Suppose -w - 3*d = -34, 0 = 4*w + w - 5*d - 70. Suppose 4*y = w + 13. List the prime factors of y.
2
Let a(d) be the second derivative of -d**4/12 - 4*d**3/3 - 3*d**2 + 6*d. List the prime factors of a(-5).
3
Let b(w) = -w**3 - 3*w**2 - 2*w - 3. Let j be b(-3). Suppose -2*m + 11 = -j. Suppose -2*s - m*h = -2*h - 34, h = 5*s - 31. List the prime factors of s.
7
Suppose -4*n - 4 = -12. Let m be (-3 + n - -1)*-1. Suppose m*i - 24 = -4*i. List the prime factors of i.
2, 3
Let f(d) = 5*d**2 + d - 1. Let o be 3/5 - (-14)/35. List the prime factors of f(o).
5
Suppose -s - 88 - 85 = -5*o, 3*o = s + 103. What are the prime factors of o?
5, 7
Let q(x) = -x**2 + 13*x - 2. List the prime factors of q(9).
2, 17
Suppose -7*b + 177 + 2497 = 0. What are the prime factors of b?
2, 191
Suppose -129 = -5*p + 76. List the prime factors of p.
41
Suppose -5*i - 4*d + 24 = 0, 0*i + 5*i - 21 = -d. Suppose 0 = 4*s - 60 + i. What are the prime factors of s?
2, 7
Let w(l) = l - 4. Let u(p) = p**2 + 6*p + 7. Let d be u(-5). Let x be w(d). What are the prime factors of (-22)/x + -2 - -1?
2, 5
Suppose 2*m - 10 = -4*d, -5*m + 8 = -m - 4*d. Let k = m - -10. What are the prime factors of k?
13
Suppose 1 - 23 = -j. Suppose 2*l = j + 6. Let f = 24 - l. What are the prime factors of f?
2, 5
Let n = -28 + 41. Let l(z) = -z**2 + 8*z + 3. Let k be l(4). Let j = k - n. List the prime factors of j.
2, 3
Suppose -t + 13 = -3*f - 167, -3*t - f + 490 = 0. List the prime factors of t.
3, 5, 11
What are the prime factors of (29 - -1)/(4 + -3)?
2, 3, 5
Let n(j) = j**3 + 4*j**2 + j - 3. Let f be n(-3). Suppose -f*p + 0*p + 66 = 0. Suppose 4*b = 2 + p. What are the prime factors of b?
2, 3
Let h be 12/(-9)*9/6. Let t = h + 11. List the prime factors of t.
3
Let h be 2/8 + 7/4. Let s(n) = 3*n**3 + n**2 - 2*n. Let a be s(h). Suppose -a = -4*i + i. List the prime factors of i.
2
Let k(a) = a**2 - 3*a. Let o be k(3). Suppose 5*y - 5 = o, -3*w - 3*y + 82 = -8*y. Let z = 43 - w. What are the prime factors of z?
2, 7
Let p(o) = 2*o**2 + 3*o + 3. Let h = 18 - 6. Suppose 5*m + 3 = -h. List the prime factors of p(m).
2, 3
Let v(a) = -8*a**3 + a**2. Let r be v(-1). Let u(z) = -z**2 + 8*z + 12. List the prime factors of u(r).
3
Let u(o) = -3*o + 1. Let y(t) = -t + 1. Let a(h) = -2*u(h) + 5*y(h). Let s be (-4)/(-14) - (-66)/14. List the prime factors of a(s).
2
Let q = 6 + -4. Let g be (2 - 3)*q + 6. List the prime factors of (-14)/g*-2 - 1.
2, 3
What are the prime factors of (20/4)/(2/30)?
3, 5
Let i(s) be the third derivative of 5*s**4/24 + s**3/3 + 3*s**2. What are the prime factors of i(6)?
2
Suppose 4*p - 2*u = 5 + 11, -3*u + 21 = 3*p. Suppose -m = 5*o - 17 - 163, 0 = 5*o - p*m - 180. List the prime factors of o.
2, 3
Let r = -3 - -11. Let a be 1*(-2 - -1) - 4. Let w = r + a. What are the prime factors of w?
3
Let t = -73 - -51. Let i = 5 - t. What are the prime factors of i?
3
Suppose 232 - 17 = 5*u. What are the prime factors of u?
43
Suppose -2*r + 178 = -46. List the prime factors of r.
2, 7
List the prime factors of (0 + 11 - -3) + -1.
13
Suppose -4*g - 145 + 17 = 0. Let v = g + 46. List the prime factors of v.
2, 7
Suppose 3*z - 2*d + 4 = 0, 3*z + 0 = -5*d + 10. Let h be (-4)/2 - 46 - z. What are the prime factors of 2/5 - h/5?
2, 5
Let z = 6 + -2. Let x(r) = -4 + 4*r**2 + z*r + 6*r**3 - 4*r**3 - 3*r**3. List the prime factors of x(4).
2, 3
Let q(i) = -5*i. List the prime factors of q(-4).
2, 5
Let f = 12 - 8. Let t = f - -2. Suppose t = 4*j - p, -2*j = -0*p - 2*p. List the prime factors of j.
2
Let a = -1 + 1. Suppose a = -4*c + 2*r + 76, 4*c - 3*r - 82 = 2*r. List the prime factors of c.
2, 3
Suppose 0 = 2*d - 0*d + 3*m + 19, -15 = 5*d + m. What are the prime factors of (21/d)/((-5)/10)?
3, 7
Let x = -3 - -2. List the prime factors of (2/6)/(x/(-12)).
2
Let i(u) be the first derivative of u**3/3 + 5*u**2/2 - 5*u + 9. List the prime factors of i(5).
3, 5
Let r be 1 - 1*1/1. Suppose -2*j - j + 15 = r. Suppose s - 2*s - 2*u = -21, 2*s - 42 = -j*u. What are the prime factors of s?
3, 7
Suppose -5*n + 2*n + 65 = y, 151 = 3*y - 2*n. What are the prime factors of y?
53
Let p = -20 - -20. Suppose 4*i + i - 20 = p. What are the prime factors of i?
2
Let f be ((-4)/5)/((-5)/(-175)). Let z = f - -45. What are the prime factors of z?
17
Let y be 5/10 + 22/4. Let m be 3/y + 10/(-4). What are the prime factors of -1*8*1/m?
2
Suppose 3*c - 235 - 50 = 0. List the prime factors of c.
5, 19
Suppose 5*h - 86 = 584. What are the prime factors of h?
2, 67
Let d(l) = -2*l - 4. What are the prime factors of d(-9)?
2, 7
Let i(m) = m**3 - 2*m**2 - 3*m + 3. Let z be 4 + 0 - (2 - 1). Let k be i(z). Suppose 35 = k*b + 2*b. What are the prime factors of b?
7
Let j(z) = 7*z - 1. List the prime factors of j(3).
2, 5
Let z be 438/(-4)*(-20)/30. Let v = z + -32. What are the prime factors of v?
41
Let r(u) be the third derivative of -u**5/60 - u**4/2 - 4*u**3/3 + 3*u**2. Let s be (2*5)/(-2 + 1). What are the prime factors of r(s)?
2, 3
Suppose -4*r - 4 = 4, 107 = t - 2*r. What are the prime factors of t?
103
Let m(x) = -2*x - 5. Let c be m(-5). Let f = c + -3. Suppose -1 + 17 = f*z. What are the prime factors of z?
2
Let y(x) = -20*x - 35. List the prime factors of y(-10).
3, 5, 11
Let j = 11 + -3. Let c(a) = a**3 - 7*a**2 - 7*a - 4. List the prime factors of c(j).
2
Let l be ((-3)/(-2) + -2)*-28. Let c = l - 5. Let g = 22 - c. What are the prime factors of g?
13
Suppose -2*q + 6*q = -f - 5, -8 = -2*f + q. Suppose -40 = 7*y - f*y. List the prime factors of (-4)/y + 39/15.
3
Suppose -2*g + 7*g + 30 = 0. Let z be (-16)/6*g/4. Let s(w) = 5*w. List the prime factors of s(z).
2, 5
Suppose 24 = -p - 4*q, 4*p - 2*p - 4*q = 12. Let c(z) = z**3 + 5*z**2 + 4*z - 5. Let k be c(p). What are the prime factors of (-28)/((-5)/(k/(-2)))?
2, 7
Let o be (1 + -1)/1 + 3. Suppose t - 19 = -l, 4*t = o*l - 10 - 40. List the prime factors of l.
2, 3
Let b = -5 - -2. Let p = b + 9. List the prime factors of p.
2, 3
Let w be (-3)/5 - (-12)/20. Suppose -5 = -c - w. List the prime factors of c.
5
Suppose 0 = -2*k + 22 + 20. What are the prime factors of k?
3, 7
Let p = -15 + 38. What are the prime factors of p?
23
Let c = 2 - -3. Let v be c + -1 - (-2)/(-2). Suppose -v*k - 2*o = -2 + 6, -4*k + 5*o = -33. What are the prime factors of k?
2
Suppose -n = -3*n - 5*s + 22, -26 = -